he value of -5 - ((41 - 2) + (-12 - -18)) - (-4 - 3)?
-43
Calculate -6 - (3 - -2) - (40 - -13 - -20).
-84
Calculate -2 + 33 + -1 + (-30 + 17 - -36) + -10.
43
What is the value of -29 + 50 + -15 + (-2 - 1) + 17?
20
What is 20 - (11 - (30 - (6 + -7 + -1)) - -15)?
26
What is the value of (-2 - (8 + (4 - (-2 + 8)))) + 13 + -22?
-17
What is the value of (-118 - -50) + 68 - (16 - 3)?
-13
Evaluate (-17 - -1 - (1058 + -1076)) + -57.
-55
-17 - (-13 - (-12 - -8)) - (-1 - 6)
-1
What is -236 - -246 - (13 + 0 + 1) - (-119 + -1)?
116
4 + -1 - ((-13 - (-1 + -4)) + -152 + 124)
39
Evaluate (-11 - -1) + 9 + (31 - 37 - (-76 + 1)).
68
Calculate -9 + 26 - (42 + -45) - 43.
-23
-4 + (-6 - -10) + -9 + (-2 - 8)
-19
What is the value of 15 - (17 - (-11 + 13)) - (5 + -1 + 5)?
-9
Evaluate 9 + (-54 + -8 - (-24 - -5)).
-34
What is the value of -4 + (-56 - (-26 - (22 - 69)))?
-81
What is the value of -10 - -35 - (10 + 8) - 39?
-32
What is -13 - (-21 + -12 + (25 - -1) + -12)?
6
Calculate -83 + (137 - 11) + -131.
-88
Evaluate 60 - (48 - -4 - 20).
28
-36 + (44 - (-76 + 110))
-26
What is the value of -60 - (-61 + 51) - 0?
-50
What is 38 + -22 + -44 - -28?
0
(19 - -1) + (10 - 0 - (-5 + -32 - -46))
21
What is the value of 80 + (-91 - -51) - 18?
22
What is -42 + 35 + -43 + 7 + -4?
-47
Calculate -105 - (-4 + 3) - (5 + -2) - (-84 - -85).
-108
Calculate -2 + 48 + 0 + ((-6 - -36) + -58 - -23).
41
Evaluate 1098 + -1152 + 5 + -2.
-51
What is the value of 50 + 17 + (1 - (-11 + 15)) + -20?
44
What is the value of -4 + (-2 - -2) + 5 + (-559 - -481)?
-77
What is the value of (51 + -89 - -12) + 37?
11
Evaluate 10 + 7 + -5 + -12 - (-56 - -14).
42
What is -26 - (8 - 73 - -29)?
10
Calculate -51 - -19 - ((10 - 21) + 8).
-29
Calculate -10 + -15 + 54 - (13 - -1).
15
What is the value of (47 - 57 - (-30 - -2) - 3) + -25?
-10
(-62 - -61) + (-2 + -5 - 21)
-29
What is the value of -134 + (192 - 85) - (0 - -2)?
-29
What is the value of (-4 - 0) + (160 - 98 - (-8 - -37))?
29
67 - (-40 - (-37 - 24))
46
34 + (-17 - (-19 + 43))
-7
What is the value of 0 - -26 - 24 - -11 - 3?
10
Calculate 85 - 1 - ((14 - 19 - 5 - 4) + 20).
78
Calculate (198 - 278) + -12 + 93.
1
What is -8 - (-36 + 79 + -32)?
-19
What is (-8 - (0 + 1 - (119 - 111))) + 6?
5
What is (13 + 23 + -25 - (5 - 3)) + -1 + 84?
92
What is -12 - (-2 + (-12 - -25) + -7) - (-13 + 25)?
-28
Evaluate (-88 - -45 - 15) + 30.
-28
92 + -7 + -60 - 25
0
What is the value of (-42 + 48 - (46 - (-12 - -9))) + (-12 - 0)?
-55
Calculate 27 - 17 - -2 - 8 - (4 - 5 - -53).
-48
What is -7 + 89 + -90 + 3 + 15?
10
What is the value of -5 - (6 + 34 + -2) - (21 - (18 - -7))?
-39
Evaluate -8 - (-26 - -15 - (-18 - 11)).
-26
What is the value of -12 + (-15 - (-17 + 5) - 13)?
-28
Evaluate 89 + (-104 - -100) + -1.
84
What is 165 + (-2303 + 2300 - (2 + -1 + 7))?
154
Evaluate -12 + 3 + 5 + -9 + -45 + 16.
-42
Calculate -78 + 68 + 57 - (-23 + 0).
70
Evaluate (62 - -1) + 1 - (-11154 - -11145).
73
Calculate -32 + (-52 - -101) + 30.
47
-53 + (-21 - (-36 + 26)) + -12 + -4
-80
Calculate 40 + (-26 + 32 + -23 + (1 - -11) - -2).
37
What is the value of -20 + 20 + (12 - 12) + 7?
7
Calculate (975 - 965) + (-32 - 2).
-24
(19 - 20 - (8 + -11)) + (12 - 0)
14
What is the value of 245 + -90 + -200 + (0 - -13)?
-32
What is the value of -25 - (-21 + 25 - 24) - (-55 - 5)?
55
What is 0 + 47 + 2 - (972 + -954)?
31
-1465 + 1445 - (-28 - 1) - (-25 + 1)
33
Evaluate -41 + -44 + 18 + 30.
-37
Calculate ((-7 - (-26 - -14)) + -4 - -3) + -46 - 13.
-55
(16 - 31 - -19) + 1 + 9
14
What is the value of 1 + 23 + -19 + -20 + 11?
-4
(-137 - -60) + 138 - -25
86
Evaluate (17 - (10 - 1)) + (-5 + -10 + 29 - -89).
111
Calculate (121 - 25) + 12 + -22 + -2.
84
What is the value of 0 + -14 + 26 + -9 + (-3 - 19)?
-19
What is -51 + 76 - 27 - 9?
-11
Evaluate (137 - 143) + 5 + -30 + -3.
-34
Evaluate 1074 + -1112 - (8 + 58).
-104
What is 4 + -24 + (87 - 4) + -20?
43
Evaluate (10 - 3) + -112 - (19 + 4 + -13 - 10).
-105
84 + -16 + 53 + -64
57
Calculate -18 - (-40 + 20 - 24).
26
What is (5 + -5 + 4 - 11) + (-2 - (14 + -11))?
-12
What is the value of -88 + (-116 - -246) + -12 + 0?
30
What is -155 + 76 - 15 - -67?
-27
What is (-2 - 0 - (-131 + 136)) + 13?
6
Evaluate -47 + 1 + 0 + (1 - (22 - 2 - 22)).
-43
What is -13 + 21 + -9 + (-6 - (-75 + 9 + -18))?
77
Calculate 49 - (51 + 31 + -14 + -35).
16
What is the value of -3 + 24 + (9 - (-7 + 30)) - (71 + -2)?
-62
Calculate -1 - -10 - (-35 - (-27 - -5)) - 16.
6
Evaluate (-17 - (7 - (2 - -7))) + -13.
-28
What is the value of -7 - 1 - (36 + -71 - -66)?
-39
Calculate (-1 - -14) + -2 + -1 - (8932 + -8957).
35
(10 - (-3 + 6)) + (5 + 1 - 13) - -28
28
-20 + (-13 + 4 + -2 - (38 + -58))
-11
Evaluate 21 - (-1 + 2 - (29 + (0 - 40))).
9
(-7 + (29 - 39) + 5 - (2 + -20)) + 41
47
What is the value of 158 + (58 - 180) - (42 + 0)?
-6
Calculate 30 - 0 - (730 - 634).
-66
Calculate 152 + (-111 - -22) + 6.
69
(-10 + 3 - 3) + (-2 - 3 - -3) - 13
-25
Evaluate 51 + (-4 + (-23 - -2) + 8 - 3).
31
Evaluate 4 - -1 - (14 + 37 + -25).
-21
Evaluate 18 + -40 + (-449 + 437 - (-49 - -1)).
14
-41 + (2 - 1) + (74 - 71) + 4 + 0
-33
What is the value of -16 - (44 - 21) - -64?
25
What is the value of -46 + (29 - 42) + (2 - 10) + -4?
-71
What is -33 + 106 + -35 - (-3 - 1)?
42
What is 14 + 0 + (-9 - -8 - 2 - -81) + 4?
96
What is the value of -23 + 10 + -19 + (-1 - -57)?
24
What is 6 - ((0 + 4 - (3 - 3)) + 3 + -45)?
44
Calculate 5 + (70 - 1) + (8 + -5 - 10) + 0.
67
Evaluate -30 + 5 + 49 + 5.
29
Calculate 2 + -200 - (-9953 - -9832).
-77
Evaluate 1 + -11 + 11 + -35.
-34
Evaluate 6 + (-6 - (-1 - -5) - -4) + 117 + -89.
28
Evaluate -290 + 242 - (-3 + -43).
-2
Calculate 75 + 44 + 61 + -121.
59
Evaluate 7 + -54 + -7 + (25 - -10).
-19
What is (-18 + 11 - (-12 + -1) - 1) + -2?
3
What is the value of 75 - (316 + -114 - 78)?
-49
36 - ((16 - (5 + 18 + -11 - 5)) + -20)
47
Evaluate (2867 - 2880) + (1 - 24).
-36
Calculate (-72 - -56 - -13) + -53.
-56
What is -12 - (-21 + 41) - -52?
20
23 + (15 - -69) - 18
89
What is (300 - (-24 - -335)) + (-2 - (26 - 0) - -1)?
-38
Evaluate 4 + 4 - (-10 + 29 + (-7 - 6) + -3).
5
Calculate 10 + -1 + -1 + -232 + (-246 - -387).
-83
Calculate -5 - ((-7 - -10) + 2 + 3).
-13
What is 34 - (52 + -37 + -37 - -42)?
14
What is 2 + 2 + -22 - (1 - (3 - -7) - -14)?
-23
What is the value of 4 + 19 + 7 + -11 + 22?
41
What is (-5 + (-3 - -4) - -82) + (-42 - (-12 + -33))?
81
What is -12 + -25 + 5 + 53?
21
-4 + (-2 - -1) + 8 + (-231 - -240) - -32
44
34 - (61 + (-15 - -17))
-29
Evaluate 3 + (2 - 5) + (-14 - (-44 + -3)).
33
What is 44 - 25 - (1 + 56) - 6?
-44
Evaluate 443 + -9 + -328 - (-3 - 0).
109
Calculate 29 - (-140 - (-32 - 55)).
82
Evaluate 15 + (220 + -214 - (7 - 1)) + 27.
42
Evaluate -20 + 1 - (-2 - (-22 + -10 + 43)).
-6
-2 - (-13 - (-346 + 352 - (2 - -16)))
-1
Evaluate 106 + 69 + -105 - 105.
-35
What is the value of 82 + 1 + (-20 - -31 - 19 - 10)?
65
(-72 - 9) + 221 + -78
62
Calculate 59 + -128 + (-55 - -131).
7
What is the value of 8 + -10 - (-76 + 68)?
6
Calculate -44 - -29 - 10 - (29 + -1).
-53
Evaluate (-9 - -1) + (1 - 0) + 13 + (82 - 3).
85
Evaluate ((11 - (15 + -9)) + 16 - 13) + -65.
-57
What is the value of 451 + -433 + -1 + 89 + 38?
144
What is (17 - 6) + (26 + 0 - (78 + -71))?
30
What is 62 + 3 - (291 - 207)?
-19
Calculate -33 + 1 - (-984 + 978).
-26
What is -38 - (57 - 74 - 41)?
20
What is the value of 5 - ((-29 + 26 - -31) + -6)?
-17
Calculate 10 - (27 + (1 - 15)) - -15.
12
What is 1 + -7 + 11 + 0 + (12 - 39 - -1)?
-21
Evaluate (38 - 79) + (-23 - -82).
18
Evaluate -7840 - -8015 - (152 + 1).
22
(-9 + (6 - (15 + -6)) - -16) + (-5 - -63)
62
What is -3 + -12 - (-2 - -13 - 18 - 11)?
3
What is 147 + (-38 - (-57 - -126))?
40
What is 52 + 3 + -60 + 41?
36
What is the value of 73 + -126 - (-1 - (2 + 5 + -5 + -1))?
-51
What is (17 - (-15 - -16)) + (12 - (8 - 49))?
69
-8 - -71 - (-13 - -42)
34
What is -4 + 7 + -2 + (48 - -7) + (74 - 81)?
49
Calculate 2 - 8 - ((-12 - (-3 + -1 + -4)) + -5).
3
What is (-17 + (5 - -4) - -7) + 9 - 11 - -53?
50
What is -26 - -10 - (-22 + 11 - -36)?
-41
Evaluate (-214 - -61) + 21 + 29.
-103
50 - (-64 + 2 + 73)
39
What is ((6 - -5) + -10 - 10) + (12 - 3) + -24?
-24
(8 + -22 + 38 - 9) + (-103 - -148)
60
What is the value of (18 - (-1 - 0)) + (-8 - -7) - (1628 + -1635)?
25
Evaluate (6 - (-14 + 7)) + (-10 